 -8. Let g = f - -14. Let y(b) = b**3 - 6*b**2 + 5*b + 6. Determine y(g).
6
Let q(a) = a - 4. Let r = 15 - 10. Give q(r).
1
Let q(s) be the first derivative of -2*s**3/3 - s - 3. Suppose 2*z + 23 = 5*t + 5, 4*t - 28 = 5*z. Suppose t*v = 4*x - 3*v - 23, 0 = -3*x + v + 9. What is q(x)?
-9
Let n(d) = -10*d + 1. Let p(s) = s. Let u(o) = n(o) - 4*p(o). Determine u(-1).
15
Let p(s) = -s**2 + 5*s + 6. Let f = -45 + 64. Suppose 3 = -4*n + f. Suppose -a = -4*a - 5*z + 10, 0 = n*z + 4. Calculate p(a).
6
Let k(v) = v**2 + v - 6. Let y be (2 + -2)/(4 - 3). What is k(y)?
-6
Let v(g) = 6 - 2 - 42*g - 42*g + 83*g. Calculate v(4).
0
Let c(y) = 12*y**3 - y**2 - y - 1. Let a be -3 + (-27)/(-18)*4/3. What is c(a)?
-13
Let z(g) = -4*g**3 + g**2. Let x be z(-1). Let y(a) = a**3 - 5*a**2 + a - 2. Let o be y(x). Let u(v) = 5*v**2 - 1 - 4*v**2 + v**3 - v - 3*v**2. Determine u(o).
5
Let k = 3 + 0. Suppose -7 + 1 = -3*z. Let i(v) = -4 + 2*v**3 + v + 4 - v**k - 4*v**z. Calculate i(4).
4
Let k(o) = -3*o + 2. Suppose -q + 16 = -5*x + q, 14 = -x + 4*q. Give k(x).
8
Let u(c) = 7 - c - 3*c + 3*c + 3*c. Calculate u(-6).
-5
Let o(w) = -w**2 - 9*w - 1. Let j(m) = 2*m**2 + 19*m + 2. Let l(t) = -3*j(t) - 7*o(t). Let v be (-23)/5 + 8/(-20). Give l(v).
-4
Let d be (-3 - -1)/(-2)*-4. Let p be ((-21)/28)/((-1)/d). Let b be p - (-3 - -2 - -1). Let j(s) = -s**2 - 3*s - 2. Determine j(b).
-2
Let g be -2 - (1 + -1)*-1. Let l(i) be the second derivative of -i**4/12 + i**3/6 - i**2 + 14*i. What is l(g)?
-8
Let c(q) = -7*q**2 - 1. Let v = 7 + -3. Suppose -3*h = v*z + 19, -4*h - 4*z = -z + 16. Give c(h).
-8
Let d(j) be the third derivative of -j**7/5040 - j**6/120 - j**5/20 - 4*j**2. Let g(o) be the third derivative of d(o). Give g(0).
-6
Suppose 5*l - 22 + 7 = 0, 5*h + 4*l = 37. Suppose 0*s - 3*c + 11 = -4*s, -7 = s - h*c. Let y(v) = -3*v. Determine y(s).
6
Let z(h) = -h**3 - 8*h**2 - 9*h - 18. Let s be z(-7). Let f(w) = w**3 + 3*w**2 - w - 1. Give f(s).
-13
Let v be 1/2*0/(-3). Let g be v/(1*(3 + -5)). Let c(m) = -2*m + g + 1 + 3*m. Give c(4).
5
Let i(r) = r - 4. Let w(l) = 2*l - 5. Let b be w(4). Let d(q) = 2 + b*q**2 - 7*q - 2*q - 4*q**2. Let z be d(-9). Give i(z).
-2
Suppose 3*b + 5 - 1 = s, 4*s = -5*b + 33. Let o(p) = p + s*p**2 + 2 - 7*p**2 + p**3 + 3*p**2. What is o(-3)?
-1
Let h be (-2 - -4)/((-6)/(-12)). Let t(w) = -2*w**2 + 9 + 3*w - h*w + w**3 - 5. Give t(3).
10
Let j(m) = 5*m**2 - 2 - 1 + 10 - m**3. Calculate j(5).
7
Let f(r) = -r + 1. Suppose 8*i - 45 = -i. Give f(i).
-4
Let w(k) = k**2 + 7*k + 9. Let f be w(-6). Let y(n) = -2 + 2*n**2 + n**2 - 2*n**2 + f - 3*n. What is y(4)?
5
Let m(i) = i**3 - i**2 - i + 5. Let f(a) = a**2 - 3*a - 7. Let y be f(5). Let p(j) = j - 3. Let q be p(y). Calculate m(q).
5
Let t(k) = 4 - 2 - 3*k + 0 + 0. Determine t(2).
-4
Let w(b) = -5*b - 9. Suppose -4*v + 35 - 11 = 0. Let l(u) = -9*u - 17. Let n(g) = v*l(g) - 11*w(g). Let c(q) = q**2 - 3*q - 4. Let r be c(4). Give n(r).
-3
Let m(x) = -x**2 + 6*x - 4. Let k be (4/((-3)/3))/(2/(-3)). Determine m(k).
-4
Let m(g) = -g**3 + 6*g**2 - 5*g - 2. Let h(w) = w**3 - 8*w**2 + 9*w - 10. Let q be h(7). What is m(q)?
10
Let d = -2 + 4. Let g(n) = 0*n + 2*n - 3 + n**3 + 3*n - 6*n**d. Let x(l) = -l**2 - 10*l - 20. Let m be x(-5). Calculate g(m).
-3
Suppose -f = -3*f + 8. Suppose -3*i = -y - 4, 2 = -3*y - 0*y + f*i. Let b(j) = -4*j**3 - 4*j + 1 + j**y - 3*j**3 + 5*j. What is b(-1)?
8
Let q(v) be the first derivative of -11*v**2/2 - 13. What is q(-1)?
11
Let c(g) = 2*g**2 - g + 2. Suppose -p + 5 = -6. Suppose -5*h + p = -9. Suppose -6 = -h*a + 2. Determine c(a).
8
Suppose 4*d - 17 = -3*r - 4, 0 = -3*r + 5*d + 4. Suppose r*q - 3 = 3. Let c(l) = 3*l + 7*l**3 + 3*l**q - 6*l**3 - 2*l. Calculate c(-3).
-3
Suppose o + 16 = 5*o, a = -3*o + 15. Suppose 0 = -8*k + 3*k. Let n(m) = -a - 1 + m + k. Give n(5).
1
Suppose s = -0*s - 6. Let c(f) be the third derivative of f**6/360 + f**5/24 - f**4/4 - f**3/2 - 5*f**2. Let o(l) be the first derivative of c(l). Give o(s).
0
Let b(t) = -t**2 - 2*t + 2. Let g be 3 + -9 + 9/3. Determine b(g).
-1
Let w(g) be the first derivative of -g**5/20 + 7*g**4/12 - g**3 + 3*g**2 + 2*g + 2. Let j(c) be the first derivative of w(c). Let m = -13 - -19. Calculate j(m).
6
Let u(o) = o**2 - 4*o - 7. Suppose 4*v = -n + 2, -4*v + 8 = -3*n + n. Let g be 3 - (-4)/(n - -4). Determine u(g).
-2
Suppose -3*u = 5*n + u - 17, -2*n + 3*u - 7 = 0. Let h(b) = b. Let p be h(n). Let j(z) = -5 + 3 - p + 1 - 2*z. Give j(4).
-10
Let b(z) = -9*z**2 + z + 1. Let x(c) be the second derivative of -c**5/20 - c**4/12 + c**3/6 + c**2 + 4*c. Let k be x(0). Let r = k + -3. Give b(r).
-9
Let g be (-11 + -1)*(7 - 6). Let m(v) = -v - 6. Give m(g).
6
Let p(l) = 3*l - 5. Let x(i) = 4*i - 7. Suppose -5 = 2*r - 3*r. Let f(o) = r*x(o) - 7*p(o). Let w = 16 - 11. What is f(w)?
-5
Suppose -k - 2*m - 17 = -5, -2*k = -4*m - 8. Let v = k - -5. Let s(q) be the first derivative of -3*q**2/2 + q + 2. What is s(v)?
-2
Let s(k) = -3*k**2 + 5*k - 7. Let i(q) = -13*q**2 + 20*q - 28. Let j(p) = 2*i(p) - 9*s(p). Let l be 5/2 + (-49)/(-14). Calculate j(l).
13
Let y(i) = -i - 1. Let x(a) = 3*a - 2. Let q(s) = -x(s) - 2*y(s). Calculate q(0).
4
Let p(h) = 5*h**3 - 2. Let r(b) = -b**3. Let c(v) = p(v) + 4*r(v). Give c(2).
6
Let l(u) = u**2 - 8*u + 9. Let k be 2/(-3) + (-42)/(-9). Suppose 12 + 12 = k*t. Determine l(t).
-3
Let d(w) be the second derivative of -w**5/120 + w**4/8 - w**3/6 + 2*w. Let x(o) be the second derivative of d(o). Let u = -1 - -5. Give x(u).
-1
Let u(d) = d**2 + 0 - d**3 + 1 - 5*d + 1 - 7*d**2. Determine u(-5).
2
Let r = -3 + 10. Let c(x) = 2*x - 8. What is c(r)?
6
Let t(u) = -3*u**2 - 14 + 4*u**2 + 22 - u**3. Suppose -k + y + 2 = 3*k, -4*k - 10 = 5*y. Give t(k).
8
Suppose -v + 5 = -2*b, -3*b - 10 = -2*v + 3*v. Let w = v + -4. Let h(x) = 4*x + 10. Let n(u) = 9*u + 21. Let t(i) = 7*h(i) - 3*n(i). What is t(w)?
2
Let m be 196/720 - (-4)/(-18). Let t(v) be the second derivative of 0 + 1/4*v**4 - v + 1/2*v**3 - m*v**5 + 2*v**2. What is t(4)?
0
Let r(h) = h + 1. Let a(z) = -3*z**2 - z + 2. Let n(k) = -a(k) + r(k). Determine n(1).
4
Let z be 3 + 6/3 + -2. Let s = -8 - -13. Let j(r) = 4 + 2*r - s*r**2 + 0 + r**3 + 1 - 2. Calculate j(z).
-9
Let o be -5*(-4 - 6/(-2)). Let f(a) = a**3 + 6*a**2 - a. Let c be f(-6). Let h(r) = c*r + 4 - r**2 - 3*r + 0*r. Determine h(o).
-6
Let g(x) = -8*x - 4. Let n(h) = -7*h - 3. Suppose 0 = 4*f - 27 + 7. Let l(v) = f*n(v) - 4*g(v). What is l(4)?
-11
Let p(r) be the third derivative of r**7/2520 + r**5/40 - 5*r**4/24 - 3*r**2. Let q(x) be the second derivative of p(x). Calculate q(0).
3
Let m(z) be the first derivative of z**3/3 + 3*z**2 - 6*z + 3. Let u be m(-6). Let t(h) = -h**2 - 5*h + 4. What is t(u)?
-2
Let a(x) = x - 4. Suppose 3*r - 11 = 1. Suppose 0 = -r*k + 27 - 7. Suppose -38 = k*y - 13. Give a(y).
-9
Let k(m) = -4*m**3 - 5*m**2 - 9*m - 37. Let h(g) = g**3 + g**2 + 2*g + 9. Let d(w) = -9*h(w) - 2*k(w). Calculate d(0).
-7
Let i(f) be the first derivative of -f**4/12 - 7*f**3/6 - 5*f**2/2 + 4*f - 2. Let a(s) be the first derivative of i(s). Give a(-5).
5
Let p be 3/(-8) - 50/80. Suppose -4*n - 14 = 3*z, 0 = -z - 2*n - 8 - 0. Let b(k) = -2*k + 0*k**2 - 3*k**2 - 1 + 2*k**z. Give b(p).
0
Let w(c) be the first derivative of c**3/3 - 3*c**2 + 21. Calculate w(4).
-8
Let b(y) = 1 + 3 - 2*y + 6*y**2 - 2*y**2 - 6 - y**3. Suppose 0 = 3*k + 12, 2*x + 5*k + 14 = -x. Determine b(x).
2
Let z(f) = -f**3 - f + 2. Let t be z(0). Let s(n) = 2 + n**3 - 2*n**2 - n**3 + n**3. Calculate s(t).
2
Let a(y) be the second derivative of 3/2*y**2 + 0 + 1/8*y**4 + 5/6*y**3 + 3*y. Let z(x) be the first derivative of a(x). Calculate z(-4).
-7
Let d(g) = 29*g**2 - 5. Let c(a) = 160*a**2 - 28. Let j(x) = 5*c(x) - 28*d(x). Let w be j(1). Let m be (-1)/(-4) + 51/w. Let k(n) = -n - 4. Determine k(m).
0
Let n(b) be the first derivative of b**4/4 - 5*b**3/3 - b**2/2 + 4*b + 8. Give n(5).
-1
Let o(t) be the first derivative of -t**2/2 - 2*t + 1. Let s be 0*2*5/20. Give o(s).
-2
Let t(u) = -3*u**2 + 4*u + 41. Let h(q) = -q**2 + q + 14. Let g(i) = 17*h(i) - 6*t(i). Determine g(9).
10
Let d(k) be the first derivative of k**3/3 - 5*k**2/2 + 5*k + 1. Suppose j = 2*f + 7 - 1, 3*j + 3*f - 9 = 0. Give d(j).
1
Suppose 0 = o + k, -3*k - 3 = -3*o + 7*o. 